{"id":1304,"date":"2026-03-10T10:34:03","date_gmt":"2026-03-10T09:34:03","guid":{"rendered":"https:\/\/www.skoaz.preprod-kalelia.fr\/?page_id=1304"},"modified":"2026-04-03T12:34:46","modified_gmt":"2026-04-03T10:34:46","slug":"credit-impot-metiers-dart-cima","status":"publish","type":"page","link":"https:\/\/www.skoaz.preprod-kalelia.fr\/?page_id=1304","title":{"rendered":"Cr\u00e9dit Imp\u00f4t M\u00e9tiers d&rsquo;Art &#8211; CIMA"},"content":{"rendered":"<p><span style=\"font-weight: 400;\">B\u00e9n\u00e9ficiez d\u2019un cr\u00e9dit d\u2019imp\u00f4t pour valoriser vos projets portant sur votre savoir-faire sp\u00e9cifique, notamment dans les m\u00e9tiers d\u2019art. Obtenez un soutien financier cibl\u00e9 pour vos projets cr\u00e9atifs et techniques.<\/span><\/p>\n","protected":false},"excerpt":{"rendered":"<p>B\u00e9n\u00e9ficiez d\u2019un cr\u00e9dit d\u2019imp\u00f4t<\/p>\n","protected":false},"author":3,"featured_media":1407,"parent":33,"menu_order":0,"comment_status":"closed","ping_status":"closed","template":"page-templates\/page_master.php","meta":{"footnotes":""},"class_list":["post-1304","page","type-page","status-publish","has-post-thumbnail","hentry"],"_links":{"self":[{"href":"https:\/\/www.skoaz.preprod-kalelia.fr\/index.php?rest_route=\/wp\/v2\/pages\/1304","targetHints":{"allow":["GET"]}}],"collection":[{"href":"https:\/\/www.skoaz.preprod-kalelia.fr\/index.php?rest_route=\/wp\/v2\/pages"}],"about":[{"href":"https:\/\/www.skoaz.preprod-kalelia.fr\/index.php?rest_route=\/wp\/v2\/types\/page"}],"author":[{"embeddable":true,"href":"https:\/\/www.skoaz.preprod-kalelia.fr\/index.php?rest_route=\/wp\/v2\/users\/3"}],"replies":[{"embeddable":true,"href":"https:\/\/www.skoaz.preprod-kalelia.fr\/index.php?rest_route=%2Fwp%2Fv2%2Fcomments&post=1304"}],"version-history":[{"count":4,"href":"https:\/\/www.skoaz.preprod-kalelia.fr\/index.php?rest_route=\/wp\/v2\/pages\/1304\/revisions"}],"predecessor-version":[{"id":1330,"href":"https:\/\/www.skoaz.preprod-kalelia.fr\/index.php?rest_route=\/wp\/v2\/pages\/1304\/revisions\/1330"}],"up":[{"embeddable":true,"href":"https:\/\/www.skoaz.preprod-kalelia.fr\/index.php?rest_route=\/wp\/v2\/pages\/33"}],"wp:featuredmedia":[{"embeddable":true,"href":"https:\/\/www.skoaz.preprod-kalelia.fr\/index.php?rest_route=\/wp\/v2\/media\/1407"}],"wp:attachment":[{"href":"https:\/\/www.skoaz.preprod-kalelia.fr\/index.php?rest_route=%2Fwp%2Fv2%2Fmedia&parent=1304"}],"curies":[{"name":"wp","href":"https:\/\/api.w.org\/{rel}","templated":true}]}}