{"id":93,"date":"2026-02-13T13:55:12","date_gmt":"2026-02-13T12:55:12","guid":{"rendered":"http:\/\/skoaz.local\/?page_id=93"},"modified":"2026-04-03T12:33:57","modified_gmt":"2026-04-03T10:33:57","slug":"statut-jeune-entreprise-innovante-jei","status":"publish","type":"page","link":"https:\/\/www.skoaz.preprod-kalelia.fr\/?page_id=93","title":{"rendered":"Statut Jeune Entreprise Innovante &#8211; JEI"},"content":{"rendered":"<p><span style=\"font-weight: 400;\">Si vous \u00eates une PME de moins de 8 ans et que vous investissez dans la R&amp;D et l\u2019innovation, vous pouvez obtenir un statut fiscal avantageux. Ce dispositif vous permet de r\u00e9duire vos charges et de s\u00e9curiser vos premi\u00e8res \u00e9tapes de d\u00e9veloppement.<\/span><\/p>\n","protected":false},"excerpt":{"rendered":"<p>Si vous \u00eates une<\/p>\n","protected":false},"author":1,"featured_media":1396,"parent":33,"menu_order":0,"comment_status":"closed","ping_status":"closed","template":"page-templates\/page_master.php","meta":{"footnotes":""},"class_list":["post-93","page","type-page","status-publish","has-post-thumbnail","hentry"],"_links":{"self":[{"href":"https:\/\/www.skoaz.preprod-kalelia.fr\/index.php?rest_route=\/wp\/v2\/pages\/93","targetHints":{"allow":["GET"]}}],"collection":[{"href":"https:\/\/www.skoaz.preprod-kalelia.fr\/index.php?rest_route=\/wp\/v2\/pages"}],"about":[{"href":"https:\/\/www.skoaz.preprod-kalelia.fr\/index.php?rest_route=\/wp\/v2\/types\/page"}],"author":[{"embeddable":true,"href":"https:\/\/www.skoaz.preprod-kalelia.fr\/index.php?rest_route=\/wp\/v2\/users\/1"}],"replies":[{"embeddable":true,"href":"https:\/\/www.skoaz.preprod-kalelia.fr\/index.php?rest_route=%2Fwp%2Fv2%2Fcomments&post=93"}],"version-history":[{"count":4,"href":"https:\/\/www.skoaz.preprod-kalelia.fr\/index.php?rest_route=\/wp\/v2\/pages\/93\/revisions"}],"predecessor-version":[{"id":1481,"href":"https:\/\/www.skoaz.preprod-kalelia.fr\/index.php?rest_route=\/wp\/v2\/pages\/93\/revisions\/1481"}],"up":[{"embeddable":true,"href":"https:\/\/www.skoaz.preprod-kalelia.fr\/index.php?rest_route=\/wp\/v2\/pages\/33"}],"wp:featuredmedia":[{"embeddable":true,"href":"https:\/\/www.skoaz.preprod-kalelia.fr\/index.php?rest_route=\/wp\/v2\/media\/1396"}],"wp:attachment":[{"href":"https:\/\/www.skoaz.preprod-kalelia.fr\/index.php?rest_route=%2Fwp%2Fv2%2Fmedia&parent=93"}],"curies":[{"name":"wp","href":"https:\/\/api.w.org\/{rel}","templated":true}]}}